 when 179396 is divided by 276.
272
Calculate the remainder when 126352 is divided by 638.
28
Calculate the remainder when 11412 is divided by 243.
234
What is the remainder when 5981 is divided by 860?
821
Calculate the remainder when 539427 is divided by 6.
3
Calculate the remainder when 1059479 is divided by 143.
135
Calculate the remainder when 2593 is divided by 23.
17
What is the remainder when 79384 is divided by 6106?
6
Calculate the remainder when 3308 is divided by 420.
368
Calculate the remainder when 7827 is divided by 708.
39
What is the remainder when 57816 is divided by 240?
216
Calculate the remainder when 393249 is divided by 206.
201
What is the remainder when 11194 is divided by 1240?
34
Calculate the remainder when 461691 is divided by 75.
66
What is the remainder when 378722 is divided by 15780?
2
What is the remainder when 153211 is divided by 1741?
3
What is the remainder when 21888 is divided by 223?
34
What is the remainder when 35318 is divided by 35302?
16
Calculate the remainder when 269446 is divided by 68.
30
Calculate the remainder when 32351 is divided by 96.
95
What is the remainder when 62679 is divided by 15665?
19
What is the remainder when 12392 is divided by 4128?
8
What is the remainder when 600047 is divided by 8?
7
What is the remainder when 1889 is divided by 169?
30
Calculate the remainder when 20159 is divided by 60.
59
Calculate the remainder when 11795 is divided by 2497.
1807
Calculate the remainder when 6276 is divided by 366.
54
What is the remainder when 48752 is divided by 5?
2
What is the remainder when 10906 is divided by 41?
0
Calculate the remainder when 371156 is divided by 205.
106
Calculate the remainder when 35190 is divided by 37.
3
What is the remainder when 189406 is divided by 1222?
1218
Calculate the remainder when 19944 is divided by 64.
40
Calculate the remainder when 2098 is divided by 1047.
4
What is the remainder when 10824 is divided by 19?
13
What is the remainder when 919 is divided by 195?
139
Calculate the remainder when 412705 is divided by 457.
34
Calculate the remainder when 9847 is divided by 123.
7
Calculate the remainder when 2785 is divided by 468.
445
Calculate the remainder when 51348 is divided by 15.
3
Calculate the remainder when 4783 is divided by 4763.
20
What is the remainder when 72408 is divided by 18087?
60
What is the remainder when 91433 is divided by 213?
56
Calculate the remainder when 5401 is divided by 13.
6
Calculate the remainder when 147 is divided by 141.
6
Calculate the remainder when 6088 is divided by 176.
104
What is the remainder when 17786 is divided by 278?
272
What is the remainder when 1878 is divided by 61?
48
Calculate the remainder when 2271 is divided by 280.
31
Calculate the remainder when 27909 is divided by 139.
109
What is the remainder when 8288 is divided by 663?
332
What is the remainder when 258147 is divided by 258130?
17
What is the remainder when 2616 is divided by 2593?
23
What is the remainder when 25180 is divided by 98?
92
What is the remainder when 127917 is divided by 29?
27
Calculate the remainder when 74539 is divided by 161.
157
Calculate the remainder when 10393 is divided by 960.
793
Calculate the remainder when 107676 is divided by 786.
780
What is the remainder when 7020 is divided by 61?
5
What is the remainder when 63934 is divided by 31964?
6
What is the remainder when 63680 is divided by 174?
170
What is the remainder when 27446 is divided by 20?
6
What is the remainder when 17657 is divided by 2255?
1872
What is the remainder when 46920 is divided by 127?
57
What is the remainder when 41260 is divided by 35?
30
What is the remainder when 10580 is divided by 1425?
605
What is the remainder when 3282 is divided by 42?
6
Calculate the remainder when 32571 is divided by 76.
43
What is the remainder when 1208141 is divided by 16?
13
Calculate the remainder when 16951 is divided by 2960.
2151
Calculate the remainder when 84532 is divided by 21128.
20
What is the remainder when 8559 is divided by 5?
4
What is the remainder when 20779 is divided by 593?
24
What is the remainder when 1340 is divided by 61?
59
What is the remainder when 2736 is divided by 265?
86
What is the remainder when 534598 is divided by 50?
48
Calculate the remainder when 123227 is divided by 30805.
7
What is the remainder when 3303 is divided by 150?
3
What is the remainder when 4423 is divided by 116?
15
Calculate the remainder when 281390 is divided by 49.
32
Calculate the remainder when 300404 is divided by 87.
80
Calculate the remainder when 1027 is divided by 548.
479
What is the remainder when 707922 is divided by 35396?
2
Calculate the remainder when 5755 is divided by 787.
246
Calculate the remainder when 6522 is divided by 3247.
28
What is the remainder when 9855 is divided by 16?
15
What is the remainder when 22526 is divided by 727?
716
Calculate the remainder when 601912 is divided by 124.
16
What is the remainder when 948 is divided by 923?
25
Calculate the remainder when 22432 is divided by 22385.
47
Calculate the remainder when 350171 is divided by 87537.
23
Calculate the remainder when 53426 is divided by 78.
74
Calculate the remainder when 19536 is divided by 38.
4
Calculate the remainder when 10738 is divided by 43.
31
Calculate the remainder when 10074 is divided by 560.
554
What is the remainder when 6195 is divided by 778?
749
What is the remainder when 2373 is divided by 396?
393
What is the remainder when 62506 is divided by 54?
28
What is the remainder when 4070 is divided by 571?
73
Calculate the remainder when 19471 is divided by 164.
119
What is the remainder when 8210 is divided by 639?
542
Calculate the remainder when 10515 is divided by 116.
75
Calculate the remainder when 2308918 is divided by 542.
540
Calculate the remainder when 42848 is divided by 54.
26
What is the remainder when 16791 is divided by 559?
21
Calculate the remainder when 2167 is divided by 46.
5
Calculate the remainder when 10791 is divided by 799.
404
Calculate the remainder when 9087 is divided by 433.
427
Calculate the remainder when 3338864 is divided by 1326.
1322
What is the remainder when 78991 is divided by 8767?
88
Calculate the remainder when 1082195 is divided by 1400.
1395
Calculate the remainder when 124105 is divided by 19.
16
Calculate the remainder when 18249 is divided by 54.
51
What is the remainder when 3166 is divided by 447?
37
What is the remainder when 41958 is divided by 975?
33
Calculate the remainder when 4418 is divided by 721.
92
What is the remainder when 2691 is divided by 103?
13
What is the remainder when 30042 is divided by 116?
114
Calculate the remainder when 3668 is divided by 1221.
5
What is the remainder when 32149 is divided by 79?
75
Calculate the remainder when 12611 is divided by 13.
1
Calculate the remainder when 6565 is divided by 656.
5
What is the remainder when 153167 is divided by 129?
44
What is the remainder when 971 is divided by 20?
11
Calculate the remainder when 4346 is divided by 427.
76
What is the remainder when 49350 is divided by 31?
29
What is the remainder when 10838 is divided by 770?
58
Calculate the remainder when 1968299 is divided by 180.
179
What is the remainder when 92936 is divided by 92885?
51
What is the remainder when 396596 is divided by 142?
132
Calculate the remainder when 1795 is divided by 859.
77
Calculate the remainder when 61782 is divided by 27.
6
What is the remainder when 2129816 is divided by 11?
7
Calculate the remainder when 1141 is divided by 348.
97
Calculate the remainder when 113704 is divided by 56845.
14
What is the remainder when 23567 is divided by 18?
5
What is the remainder when 272685 is divided by 24?
21
Calculate the remainder when 4102 is divided by 21.
7
What is the remainder when 16346 is divided by 98?
78
Calculate the remainder when 799 is divided by 780.
19
What is the remainder when 5987 is divided by 36?
11
Calculate the remainder when 3152 is divided by 116.
20
Calculate the remainder when 298500 is divided by 227.
222
What is the remainder when 649 is divided by 327?
322
Calculate the remainder when 1354 is divided by 669.
16
What is the remainder when 17418 is divided by 25?
18
Calculate the remainder when 2345643 is divided